ide 2116014?
True
Does 3 divide 2256102?
True
Is 72 a factor of 1670904?
True
Is 1170876 a multiple of 318?
True
Is 3908096 a multiple of 17?
True
Is 9 a factor of 389721?
False
Is 11 a factor of 171925?
False
Is 55 a factor of 1322035?
True
Does 192 divide 89850?
False
Is 52 a factor of 146380?
True
Is 1420870 a multiple of 110?
True
Is 923391 a multiple of 34?
False
Does 29 divide 178959?
True
Does 29 divide 22335?
False
Is 48 a factor of 414?
False
Is 1856 a multiple of 4?
True
Is 399834 a multiple of 291?
True
Is 16 a factor of 4893724?
False
Does 5 divide 10882?
False
Is 1130759 a multiple of 469?
True
Is 225179 a multiple of 4?
False
Does 16 divide 3191081?
False
Is 258 a factor of 377970?
True
Is 6223780 a multiple of 10?
True
Is 13531872 a multiple of 7?
False
Does 10 divide 1683981?
False
Does 39 divide 53898?
True
Does 21 divide 330645?
True
Is 14 a factor of 1986632?
False
Does 17 divide 1330270?
False
Does 293 divide 1077947?
True
Is 5085129 a multiple of 211?
False
Is 28512 a multiple of 115?
False
Does 20 divide 336918?
False
Is 65 a factor of 205400?
True
Is 38 a factor of 34911?
False
Is 605789 a multiple of 7?
False
Does 93 divide 537784?
False
Does 550 divide 20746000?
True
Is 62553 a multiple of 3?
True
Does 24 divide 674760?
True
Does 45 divide 61619?
False
Is 21 a factor of 8777496?
True
Does 69 divide 2636421?
True
Does 26 divide 9372?
False
Is 2 a factor of 428537?
False
Is 87 a factor of 277830?
False
Is 3590362 a multiple of 249?
False
Is 24 a factor of 1916976?
True
Does 47 divide 7938253?
True
Is 438700 a multiple of 164?
True
Is 6 a factor of 78236?
False
Is 3152279 a multiple of 1057?
False
Does 7 divide 155318?
False
Is 702963 a multiple of 333?
True
Does 374 divide 91630?
True
Does 9 divide 58824?
True
Is 346 a factor of 323164?
True
Does 42 divide 81690?
True
Is 25 a factor of 1082390?
False
Is 21 a factor of 344774?
False
Is 49 a factor of 2518791?
False
Is 22 a factor of 6169812?
True
Is 58 a factor of 96628?
True
Is 29088024 a multiple of 984?
True
Does 125 divide 526000?
True
Is 6 a factor of 219823?
False
Is 456 a factor of 15171120?
True
Is 40 a factor of 3639880?
True
Is 54 a factor of 160956?
False
Is 1054476 a multiple of 18?
True
Is 12 a factor of 1271316?
True
Does 65 divide 868010?
True
Does 3 divide 6244?
False
Does 441 divide 114824?
False
Does 16 divide 17788653?
False
Is 776 a factor of 2047864?
True
Is 220 a factor of 14968360?
True
Is 204750 a multiple of 182?
True
Is 10650846 a multiple of 438?
True
Does 56 divide 429856?
True
Is 156 a factor of 871572?
True
Is 10451695 a multiple of 11?
False
Is 18 a factor of 28028?
False
Is 81310 a multiple of 36?
False
Is 51145 a multiple of 17?
False
Is 438881 a multiple of 33?
False
Is 6167679 a multiple of 942?
False
Is 122597 a multiple of 2?
False
Does 30 divide 407565?
False
Is 48460 a multiple of 5?
True
Is 220 a factor of 472780?
True
Does 20 divide 2610642?
False
Is 222121 a multiple of 9?
False
Is 73391 even?
False
Is 645850 a multiple of 5?
True
Is 109 a factor of 1530578?
True
Is 955800 a multiple of 81?
True
Is 310902 a multiple of 3?
True
Is 1448538 a multiple of 98?
True
Is 6679280 a multiple of 35?
False
Does 224 divide 4454372?
False
Is 89 a factor of 419670?
False
Is 437 a factor of 238940?
False
Does 8 divide 12219512?
True
Does 41 divide 11589142?
True
Is 13498744 a multiple of 8?
True
Is 467 a factor of 104303?
False
Is 11 a factor of 669860?
False
Does 10 divide 1213981?
False
Is 1605738 a multiple of 267?
True
Is 1730703 a multiple of 669?
True
Does 1022 divide 76650?
True
Is 1754318 a multiple of 314?
True
Is 771 a factor of 624125?
False
Is 100 a factor of 255200?
True
Is 80 a factor of 31840?
True
Is 80 a factor of 446320?
True
Is 3 a factor of 414?
True
Does 36 divide 228492?
True
Does 173 divide 97330?
False
Is 134 a factor of 71707?
False
Is 291 a factor of 5774022?
True
Is 3 a factor of 47379?
True
Is 609 a factor of 9834616?
False
Does 23 divide 175963?
False
Is 35 a factor of 55916?
False
Is 3831 a multiple of 3?
True
Is 24 a factor of 110928?
True
Is 22029500 a multiple of 50?
True
Is 212 a factor of 38648?
False
Does 38 divide 1194034?
False
Is 12585257 a multiple of 1009?
True
Is 341948 a multiple of 10?
False
Does 6 divide 1532118?
True
Is 1136362 a multiple of 3?
False
Does 223 divide 1792251?
True
Is 783310 a multiple of 210?
False
Does 25 divide 4218300?
True
Is 7 a factor of 6753879?
False
Does 82 divide 16595406?
True
Is 4 a factor of 548048?
True
Is 10 a factor of 84727?
False
Does 333 divide 11335320?
True
Is 199 a factor of 132039?
False
Is 2367 a multiple of 21?
False
Is 263340 a multiple of 14?
True
Does 27 divide 6238107?
True
Does 241 divide 245736?
False
Is 9 a factor of 245874?
False
Does 839 divide 1362034?
False
Is 8316 a multiple of 198?
True
Is 295813 a multiple of 4?
False
Is 85963 a multiple of 59?
True
Does 16 divide 86320?
True
Is 44505 a multiple of 387?
True
Does 67 divide 46043?
False
Is 255 a factor of 11751675?
True
Does 12 divide 85915?
False
Is 120257 a multiple of 10?
False
Does 14 divide 191910?
False
Is 51 a factor of 119697?
True
Does 19 divide 4170766?
True
Does 16 divide 847145?
False
Is 1891422 a multiple of 18?
True
Is 4 a factor of 684486?
False
Is 8 a factor of 4112773?
False
Is 2840 a multiple of 20?
True
Is 123441 a multiple of 19?
False
Is 444 a factor of 332681?
False
Does 99 divide 1144530?
False
Is 163 a factor of 2822019?
True
Does 8 divide 75320?
True
Is 77 a factor of 4281574?
False
Is 350 a factor of 156695?
False
Is 37 a factor of 347874?
True
Does 87 divide 25588?
False
Is 21726139 a multiple of 19?
True
Is 164 a factor of 4836032?
True
Is 549 a factor of 625311?
True
Does 1024 divide 603136?
True
Is 316222 a multiple of 43?
True
Does 141 divide 108711?
True
Does 74 divide 4078584?
True
Is 486 a factor of 2916486?
True
Is 2880573 a multiple of 35?
False
Is 458 a factor of 3178062?
True
Is 28 a factor of 1530956?
True
Is 16 a factor of 34352?
True
Is 4918031 a multiple of 363?
False
Does 28 divide 4617553?
False
Is 801141 a multiple of 3?
True
Is 1257263 a multiple of 613?
True
Is 5555952 a multiple of 16?
True
Is 64 a factor of 558848?
True
Does 72 divide 556319?
False
Does 51 divide 22695?
True
Is 279 a factor of 142569?
True
Does 38 divide 614878?
True
Is 915094 a multiple of 182?
False
Is 35 a factor of 3111363?
False
Is 7 a factor of 37240?
True
Is 457 a factor of 597299?
True
Is 146008 a multiple of 99?
False
Does 13 divide 25957048?
True
Does 16 divide 25956?
False
Does 3 divide 223285?
False
Is 1289348 a multiple of 45?
False
Is 1186610 a multiple of 6?
False
Is 2102320 a multiple of 110?
True
Is 103 a factor of 976028?
True
Is 21 a factor of 214032?
True
Is 13 a factor of 71149?
True
Is 106 a factor of 108756?
True
Is 252 a factor of 1073772?
True
Is 145031 a multiple of 45?
False
Is 84 a factor of 427560?
True
Is 63 a factor of 389529?
True
Does 11 divide 17292?
True
Is 31 a factor of 3284295?
True
Is 107808 a multiple of 322?
False
Is 124 a factor of 1992077?
False
Is 449125 a multiple of 9?
False
Does 4 divide 729236?
True
Is 58 a factor of 2156730?
True
Is 5939518 a multiple of 18?
False
Is 4 a factor of 6965440?
True
Does 12 divide 11641134?
False
Is 14 a factor of 14705?
False
Is 4737 a multiple of 7?
False
Does 66 divide 1219020?
True
Does 3 divide 133020?
True
Is 59 a factor of 3303361?
False
Is 325048 a multiple of 164?
True
Does 44 divide 602588?
False
Is 74 a factor of 156928?
False
Is 107 a factor of 596846?
True
Is 12 a factor of 60446?
False
Does 7 divide 544397?
True
Does 9 divide 685134?
True
Is 63 a factor of 120201?
False
Does 8 divide 1822432?
True
Is 30 a factor of 13093?
False
Does 652 divide 4714612?
True
Is 22984399 a multiple of 11?
False
Is 725728 a multiple of 16?
True
Is 2820352 a multiple of 256?
True
Is 11672550 a multiple of 18?
True
Is 117 a factor of 824265?
True
Is 326081 a multiple of 5?
False
Is 2391939 a multiple of 7?
False
Is 94898 a multiple of 142?
False
Does 29 divide 467744?
False
Is 16 a factor of 5665376?
True
Is 65 a factor of 685112?
False
Does 12 divide 2343?
False
Does 58 divide 261058?
True
Is 2385900 a multiple of 45?
True
Is 28 a factor of 431602?
False
Does 15 divide 21675?
True
Is 1237600 a multiple of 221